 a is divided by i?
0
Suppose 3*i + 20 = -4*s, -i - 3*s = -2*s + 5. Suppose 3*y + 0*y - 84 = i. What is the remainder when y is divided by 10?
8
Let h be -3 + (6 - 0)/2. Suppose h = 6*b - 9*b + 33. What is the remainder when 31 is divided by b?
9
Let h(n) = 5*n - 3*n**2 + 2*n**2 + 3*n - 2 + 0*n**2. Let z = -41 + 79. What is the remainder when z is divided by h(5)?
12
Suppose d + 3 - 9 = 0. Suppose p - d = 5*u, -3*p - 2*u + 57 = 2*p. What is the remainder when p is divided by (-42)/(-63) + 10/3?
3
Suppose 0 = 3*t - 6 - 9, 3*t + 177 = 4*r. What is the remainder when 93 is divided by r?
45
Let w(i) = -i - 4. Let j be w(-6). Suppose b + r - 2 = 0, 5*b - r - j = 2*r. Let p(m) = 6*m. Calculate the remainder when p(b) is divided by 4.
2
Calculate the remainder when (2 - 3)*(-31)/((-3)/(-3)) is divided by 11.
9
Suppose -6*b + 3*b = -48. Let o = 29 - b. What is the remainder when o is divided by 5?
3
Let j be -2 + 2 + -4 + 2. Let b = j + 3. Suppose -2 = -a + b. What is the remainder when 5 is divided by a?
2
Suppose -c + 15 = i + c, 4*i = -3*c + 40. Let p = 11 - i. Suppose j + 3 - 5 = 0. Calculate the remainder when p is divided by j.
0
Let v(j) = j + 6. Let q be v(-6). Suppose 2*x + q*x = 22. Calculate the remainder when 31 is divided by x.
9
What is the remainder when ((-5)/((-25)/(-2)))/(1/(-290)) is divided by 20?
16
Suppose -3*n = -2*n - 28. Suppose n = y + 3*y. Calculate the remainder when y is divided by 4.
3
Suppose 5*q + 0 - 100 = i, 0 = -5*i. What is the remainder when 97 is divided by q?
17
Let u = 26 - 16. Suppose 3*g + 104 + 25 = 0. Let o = 72 + g. What is the remainder when o is divided by u?
9
Let x(f) = 22*f**2 - 3*f + 3. Calculate the remainder when 107 is divided by x(1).
19
Let t = 21 + -9. Suppose 9*y = 140 + 58. Calculate the remainder when y is divided by t.
10
Let z be 7/4*(-72)/(-2). Let t = z - 45. Suppose -2*n + 10 = -n. Calculate the remainder when t is divided by n.
8
Suppose 9 = p + 1. Suppose 89 = 3*q - 76. Let y = 77 - q. Calculate the remainder when y is divided by p.
6
Let q(h) = -5 - 2 + 21*h - 23*h. Calculate the remainder when 37 is divided by q(-13).
18
Let p(m) = -m + 31. What is the remainder when p(6) is divided by 14?
11
Suppose 5*y - 5*k = 35, 5*y + 5*k - 5 = -0. Suppose -3*u + 127 = -3*j - 14, -178 = -y*u - j. What is the remainder when u is divided by 23?
22
Suppose 0 = -2*i - 8, -5*i = c - 3*i - 54. Let s(b) = -b**3 + 6*b**2 + 11*b - 7. Suppose 35 = -0*f + 5*f. What is the remainder when c is divided by s(f)?
20
Suppose -8 = -4*x - m, -2*m - 27 = -5*x + m. Suppose x*v = 4 - 1. Calculate the remainder when 2 is divided by v.
0
Suppose 6 + 9 = 3*p. Calculate the remainder when p is divided by (-4)/14 - 270/(-63).
1
Suppose f + 2 = -0*f. Calculate the remainder when (6/(-8) - -1) + (-355)/(-20) is divided by 0/3 + (-20)/f.
8
Suppose -5*t = 4*c - 97, 4*t + c = -4*c + 83. Suppose 15*n = 6*n + 81. Calculate the remainder when t is divided by n.
8
Let u = -56 + 84. What is the remainder when u is divided by 19?
9
Suppose -4*y = q - 0*y - 1, 28 = 5*q - 3*y. What is the remainder when 19 is divided by q?
4
Let s(w) = 3*w**2 + 14*w - 14. What is the remainder when s(-10) is divided by 37?
35
Let h(a) = a**3 - 6*a**2 + 6*a - 2. Let c be h(5). Suppose i = 2*y - 12, c*i - 5*y - 15 + 46 = 0. Calculate the remainder when 23 is divided by 6*((-24)/9)/i.
7
Suppose 272 = 3*g + 29. What is the remainder when g is divided by 28?
25
Suppose 2*z = -2*x - 2*x + 92, x = z + 23. Suppose 0*s = s - x. Calculate the remainder when s is divided by 8.
7
Let f(u) be the first derivative of 7*u**2/2 + 19*u + 3. Let a(i) = 11*i + 29. Let c(q) = -5*a(q) + 8*f(q). Calculate the remainder when c(-5) is divided by 2.
0
Let d = 3 + -3. Suppose d = 4*a - y, -2*y = -0*a - a. Let f = 3 + a. What is the remainder when 3 is divided by f?
0
Let r(o) = o**2 + 6*o - 5. Let c be r(-6). Let y = c + 8. Suppose y*k = 6 + 15. Calculate the remainder when 20 is divided by k.
6
Calculate the remainder when 5 is divided by 15/105 - 27/(-7).
1
Suppose 235 = 3*r + 91. Calculate the remainder when 91 is divided by r.
43
Suppose 2*k - 28 + 2 = 0. Calculate the remainder when k is divided by 7.
6
Suppose -1 = 2*t + q - 38, -3*t - 4*q = -48. Calculate the remainder when (76/10)/((-2)/(-10)) is divided by t.
18
Let j be 12/((-6)/(-3)) - 1. Let l(a) = -2*a + 7 - 1 + a. Calculate the remainder when 1 is divided by l(j).
0
Calculate the remainder when 26 is divided by -2*(-2 - -1) - -8.
6
Suppose -j - 2*j = 0. Let z = j + 1. What is the remainder when z is divided by 1?
0
Let i = -118 - -208. Calculate the remainder when i is divided by 19.
14
Let w(v) = 4*v**2 + 4*v + 7. Let f be w(-6). Let h = f + -66. Calculate the remainder when h is divided by 16.
13
Let v(d) = -d - 2. Let t be v(-9). What is the remainder when 70/2 + (6 - t) is divided by 18?
16
Let f(l) be the second derivative of l**5/20 - 11*l**4/12 + 13*l**3/6 + 7*l**2/2 - 4*l. What is the remainder when f(10) is divided by 10?
7
Let w(m) = m**3 + 9*m**2 + 6*m - 6. What is the remainder when 182/(-35)*(-5 + 0) is divided by w(-8)?
6
Let q = 114 + -67. Let d = 24 + -8. Calculate the remainder when q is divided by d.
15
Suppose -2*q + 15 = 1. Suppose -9*x + 38 = -q*x. What is the remainder when 55 is divided by x?
17
Suppose -f - 3 = -78. Suppose -z + f = 4*z. Let j(y) = -y + 8. Calculate the remainder when z is divided by j(0).
7
Let c = 14 + 0. Suppose -4*s + 15 = -4*k - 1, 6 = 2*s. Calculate the remainder when c is divided by (k - 1)*10/(-4).
4
Let i(t) = 3*t**3 - 3*t**2 + t - 1. Let z(f) = f**2 + 12*f - 7. Suppose 33 = -4*b - 27. Calculate the remainder when z(b) is divided by i(2).
12
Suppose -5*v + 0*v + 40 = 0. Let w(k) = 3*k - k**2 - k**3 - 2*k**2 + 5*k**2 + 0 - 1. Calculate the remainder when v is divided by w(2).
3
Suppose -2*m - 4 = 2. What is the remainder when 7 is divided by m/(3/(-4)*2)?
1
Let f be 10*3/(15/2). Suppose 0 = a + 2*k - 15, -f*k - 24 = -5*a - 5. Calculate the remainder when 27 is divided by a.
6
Let s(o) = 3*o - 10. Let x be s(5). Suppose x*d + 5*n - 120 = 0, 0 = 5*n + 5 + 5. What is the remainder when 49 is divided by d?
23
Suppose 0 = 5*v - 28 - 37. Calculate the remainder when v is divided by 3.
1
Let d be 2*(-58)/1*-1. Let x = d + -81. What is the remainder when x is divided by 18?
17
Let b = -4 + 2. Let g(i) = -4*i**3 + 2*i**2 + 4*i + 2. Calculate the remainder when g(b) is divided by 12.
10
Suppose -2*w + 0*w = -16. Let v be (-2)/w + 13/4. Calculate the remainder when 64 is divided by 22/6*18/v.
20
Let s(f) = f**2 - f - 4. Let m be s(0). Let w(x) = 8*x**2 + x + 5. Let i be w(m). Let o = i + -91. What is the remainder when o is divided by 20?
18
Let j be (2 - 2)/(-3) - -1. Let l be j*(-2)/2 + -1. What is the remainder when (-2)/l - -3 - -1 is divided by 2?
1
Suppose 5 = -x + 1. Let k = 19 + x. What is the remainder when 29 is divided by k?
14
Let p(y) = y**3 + 11*y**2 + 3*y - 12. Let d be (8/4)/(1/(-5)). Calculate the remainder when p(d) is divided by 15.
13
Let l(y) be the third derivative of -y**4/12 - 4*y**2. What is the remainder when 34 is divided by l(-5)?
4
Let t = -1 - -7. Calculate the remainder when t is divided by 4.
2
Suppose 0 = 4*k + 16, 5*u + 4*k - 8 - 41 = 0. What is the remainder when u is divided by 4?
1
Let w(o) = -o**3 - 6*o**2 + 23*o + 13. What is the remainder when w(-9) is divided by 1/(54/26 - 2)?
10
Let k = 42 + -24. Calculate the remainder when 110/2 + 2/(-1) is divided by k.
17
Let w = -5 + 52. What is the remainder when w is divided by (-124)/(-10) + (-4)/10?
11
Let s = 3 + 0. Suppose 4*n = 3*y - 98, y - s*y + 3*n + 64 = 0. What is the remainder when y is divided by 13?
12
Let g(t) = -9*t - 19. What is the remainder when g(-17) is divided by 45?
44
Let n = 36 + -33. What is the remainder when 10 is divided by n?
1
Suppose 4*c = 2*c + 5*s - 1, 0 = 4*s + 12. Let b = 5 - -13. Let l = c + b. Calculate the remainder when 17 is divided by l.
7
Let z = 19 - 4. What is the remainder when 87 is divided by z?
12
Let v = 69 + -29. Calculate the remainder when v is divided by 16.
8
Let v(r) = -r**2 - 11*r - 6. Calculate the remainder when 34 is divided by v(-8).
16
Let v(z) = -z. Suppose -3*n = -1 - 11. Suppose -3*a = -n*q - 3, 4*q = -q + 2*a - 9. What is the 